t(p) = -12*p + 33. Let x be t(-10). Suppose 4*n + x = 273. What is the units digit of n?
0
Let q be (-3)/3*1 - 54. Let w = q + 29. Let x = w - -39. What is the tens digit of x?
1
Suppose -3*w = -4*j - 16, -4*w - 4*j + 14 = -2*j. Let z be w/(-6)*3 + -81. Let r = z + 132. What is the tens digit of r?
4
What is the tens digit of (-8)/(160/(-30))*487*2?
6
Suppose 2*x - 1471 = 3*v - 2*v, x - 5*v = 722. What is the tens digit of x?
3
Suppose -21*u = -5*u - 4400. What is the hundreds digit of u?
2
Let v(f) = f**2 - 6*f - 3. Let n be v(6). Let z be -10*3/18*n. Suppose -50 - 5 = -z*t. What is the tens digit of t?
1
Let n(g) = -g**3 + 6*g**2 - 3*g + 24. What is the tens digit of n(-12)?
5
Suppose -2*j = 2*j - 16. Suppose -j*u + 554 = 2*g, g - u - 59 = 215. What is the tens digit of g?
7
Suppose 3*z = z + 70. Suppose -r + 9 = -4*d, 0 = -3*r - 3*d + 7*d + z. Suppose -a - r = -32. What is the tens digit of a?
1
Let y(w) = -w**3 + 2. Let v be y(0). Let a(r) = 2*r**v - 1 - r**2 + 2*r + 23*r**2 - 7*r**2. What is the tens digit of a(-2)?
6
Let r(w) = 81*w**2 - 2*w - 10. What is the tens digit of r(-3)?
2
Suppose 0 = -4*w + g + 6178, 3 = g + 5. What is the hundreds digit of w?
5
Let l be (-121 + -1)*4/(-8). Let n = l - 0. What is the units digit of n?
1
Let n = -6211 - -9848. What is the tens digit of n?
3
Let h(q) = -q**3 - 11*q**2 - 5*q - 12. What is the units digit of h(-13)?
1
Let h(k) = k**3 + 13*k**2 - 18*k + 8. Let t be h(-14). Suppose -m + t = m. What is the tens digit of m?
3
Let b(w) = -130*w + 5. Let m be b(-2). Let i = -68 + m. What is the tens digit of i?
9
Suppose 5*i - 2*h - 737 = 0, -2*i - 2*h = -3*i + 141. What is the units digit of i?
9
Let v = 1 + 5. Let d be 0 + 2*(-93)/v. Let o = -18 - d. What is the units digit of o?
3
Let v = 86 - 81. Suppose 2*r + r + v*d = 44, -r - 2 = 5*d. What is the units digit of r?
3
Suppose -x + 3 = 6. Let h(g) = -g**3 + 9*g**2 - 7*g - 30. Let s be h(6). Let p = s + x. What is the units digit of p?
3
Let q = -278 + 160. Let u = 172 + q. Suppose -6 = 2*y, -g = 2*g + 2*y - u. What is the units digit of g?
0
Let g(n) = 73*n - 12. Let i be g(6). Suppose 7*m = 10*m - i. What is the hundreds digit of m?
1
Suppose 4*x - 2*a + 5*a = 810, -613 = -3*x - 5*a. Suppose -187 - x = -2*q. What is the tens digit of q?
9
Let n(z) = 5*z**2 - 3*z + 11. Let o = -113 - -118. What is the tens digit of n(o)?
2
Let j(s) = -s - 5. Let f(c) = 1. Let q(d) = 6*f(d) - j(d). Let t be q(-14). Let g = t + 10. What is the units digit of g?
7
Suppose -u = -4, 0 = 4*z + 4*u + u - 508. What is the hundreds digit of z?
1
Let o(n) = n**2 + n - 6. Let f be o(-4). Suppose -f = -6*t - 18. Let m(l) = -14*l + 5. What is the units digit of m(t)?
3
Suppose 199 = r + i, -6*i = -4*r - 4*i + 790. Suppose 2*n = 4*j - r, -3*j + 5*n + 260 = 2*j. What is the tens digit of j?
4
Suppose 3*z = 3, 4*f + 3*z - 953 = 558. What is the tens digit of f?
7
Let s(z) = -z**2 + 10*z - 8. Let d be s(6). Let i = 16 - d. What is the units digit of (-1)/((-2 - i)/58)?
9
Let i be 573/(-6)*(0 + -2). Let l = i - 131. Suppose -13*t + 8*t = -l. What is the units digit of t?
2
Let l = -29 - -34. Let d(c) = 71*c**3 - 1 - c - 5*c - 70*c**3 + 0*c + l*c**2. What is the units digit of d(-4)?
9
What is the hundreds digit of ((-7434)/84)/((-2)/((-32)/(-3)))?
4
Let n(w) = -6*w - 5. Let t be n(-4). Let x be -10 + (-3 - -3) + 6. Let l = t + x. What is the units digit of l?
5
Suppose 190 = q - 110. Let c = q - 142. What is the hundreds digit of c?
1
Let v(y) = -5*y**3 + 2*y**2 + y. Let s be v(-1). Let x be (7 + -3)*(-3 + 5). Suppose n - s = x. What is the units digit of n?
4
Suppose -19 = -3*u - 28. Let v = u + 36. What is the units digit of v?
3
Let r(x) be the second derivative of 9*x**5/20 - x**4/12 - x**3/6 + x**2 - 4*x. Let j be r(2). Suppose 0 = 4*n - j - 96. What is the tens digit of n?
4
What is the thousands digit of ((-9)/(540/852))/(3/(-285))?
1
Let r(a) be the first derivative of -2*a**3/3 - 3*a**2/2 - 3*a + 2. Let q be r(-2). What is the units digit of 2/q - 456/(-40)?
1
Let o(p) = -p**2 - 5*p + 10. Let q be o(-6). Suppose q*r - r = j - 277, -825 = -3*j + 3*r. What is the tens digit of j?
7
Let n be 24/108 - 32/(-18). Suppose -234 = -n*i + 172. Suppose 0 = -6*h + 181 + i. What is the tens digit of h?
6
Let k = -25 + 30. Let u be -1 - -1 - (5 - k). Suppose c - 2*l - 12 = 0, c + 4*l + l + 16 = u. What is the units digit of c?
4
Suppose -4*u + 0*u - 4*y + 60 = 0, 0 = 2*y - 8. Let q be (u + -10)/(2/8). Suppose -104 = -0*c - q*c. What is the units digit of c?
6
What is the hundreds digit of -2918*(3/(-7) + (-13)/182)?
4
Suppose 95*l = 58*l + 138639. What is the thousands digit of l?
3
Let k(m) be the second derivative of -m**5/20 - m**4/4 + m**3/2 - 3*m**2/2 - 6*m. Let t be k(-4). What is the tens digit of 4/(t - 3) - -24?
2
Let g(s) = 3398*s**2 + 6*s + 7. Let a be g(-1). Suppose -4*h + a = 7*h. What is the tens digit of h?
0
Let z(p) = p**3 - 11*p**2 + 3*p - 22. Suppose -13 = -2*u + 9. What is the units digit of z(u)?
1
Let y(j) = -27*j - 202. What is the hundreds digit of y(-14)?
1
Let i = 12 + -13. Let t = i + 0. Let c = 5 + t. What is the units digit of c?
4
Let x be (-6)/(-27) + (-86)/(-18). Suppose x*d = 4*d - 8. Let l(f) = f + 10. What is the units digit of l(d)?
2
Suppose 0 = 3*w + 4*b - 1139, 3*w - 2*b - 618 - 527 = 0. What is the units digit of w?
1
Let r(x) = x**2 + 26*x - 36. What is the tens digit of r(11)?
7
Suppose -25*i + 1404 = -6321. What is the tens digit of i?
0
Suppose q - 5*l + 108 = 5*q, 3*q = -2*l + 74. Let h = q + 59. What is the tens digit of h?
8
Let v(h) = 106*h - 622. What is the hundreds digit of v(25)?
0
Let t be 5 + 12/(-3) + 1. Suppose -4*h + 103 + 7 = 2*v, -t*h + 3*v = -51. What is the tens digit of h?
2
Suppose 3*x = -12, 93 = -2*o - 3*o + 3*x. Let u = o + 27. What is the units digit of u?
6
Let y(r) = r**2 - 2*r - 6. Let b be y(-2). Suppose -3*f - 129 = -3*n, -f + 27 = b*n - 47. What is the tens digit of n?
3
Let j(h) = -3*h**2 - 8*h**2 + 12*h**2 - 9 + 10*h. What is the tens digit of j(6)?
8
Let j(s) = 16*s**2 + 9*s + 3. Let c be j(-4). Suppose -5*v + 2*r - c = -1100, -r = v - 181. What is the hundreds digit of v?
1
Let s = 13007 - 7038. What is the hundreds digit of s?
9
Let v be (0/(-5) + 12)*124/8. Let a = v - 107. What is the tens digit of a?
7
Let c(j) = j**2 - 3*j - 4*j**2 - j + j**3 + 3*j. What is the tens digit of c(5)?
4
Suppose -3*n = 9, 0 = -0*w - 3*w - 5*n + 507. What is the units digit of w?
4
Let p be 0 + -2 + 321 + -3. Suppose -4*r + p = -2*r + 3*h, r + 2*h - 159 = 0. What is the units digit of r?
5
Let h(s) = 96*s**2 + 14*s + 9. What is the hundreds digit of h(-3)?
8
Let w(y) = -3*y - 20. Suppose 0 = -3*p - 4 - 23. Let v = -2 + p. What is the tens digit of w(v)?
1
Let o(z) = -z**2 + 6*z - 10. Let d be o(4). Let m(s) = -s**3 - s**2 + 2*s + 2. Let g be m(d). Suppose 0*j = g*j - 72. What is the tens digit of j?
3
Let v be ((-175)/(-10))/(-5)*-2. Suppose 43 = m - v. What is the tens digit of m?
5
Let q(k) be the first derivative of -k**3/3 + 23*k**2/2 - 11*k - 8. What is the units digit of q(15)?
9
Let u = 1763 - 1285. What is the hundreds digit of u?
4
Let h be (6/(-8))/((-6)/(-72)). Let a = 18 - h. What is the tens digit of a?
2
Let k = -36 - -11. Let s = k - -1. Let m = -8 - s. What is the tens digit of m?
1
Let x(p) = p**2 + 4*p - 11. Let d be x(-7). What is the units digit of 346/d + 22/55?
5
Let j = 13 - 0. Let n = -10 + j. Suppose -125 = -n*l + 5*f, -4*l + 162 + 28 = -2*f. What is the units digit of l?
0
Let i(l) = -l**2 - 3*l + 32. Let r be i(4). Suppose r*f + 21 - 61 = 0. What is the units digit of f?
0
Suppose -3*n + 0*n = 0. Suppose 3*p - 6*p + 171 = n. Suppose 5*i + 1 - 4 = -2*u, 5*u - 4*i - p = 0. What is the units digit of u?
9
Let d(n) = 2*n**2 + 39*n + 35. Let i(v) = -v**2 - 20*v - 17. Let u(w) = 3*d(w) + 5*i(w). What is the hundreds digit of u(-21)?
1
Let k = 25 - 37. Let p(t) = t**2 - t + 6*t + 3*t - 9. What is the units digit of p(k)?
9
Suppose -20*i - 42*i = -76322. What is the hundreds digit of i?
2
Let t(g) = -5*g - 7. Let s = 11 + -11. Suppose w = -3 - s. What is the units digit of t(w)?
8
Let x = 3835 - 2298. What is the units digit of x?
7
Suppose -3*b + 8*b = 50. Let u = b - 8. Suppose u*t + 3*t = 75. What is the 